{"id":148,"date":"2022-10-06T11:51:39","date_gmt":"2022-10-06T09:51:39","guid":{"rendered":"https:\/\/pozytywnegorozwoju.pl\/wachowiaka\/?page_id=148"},"modified":"2023-03-02T20:37:23","modified_gmt":"2023-03-02T19:37:23","slug":"rekrutacja","status":"publish","type":"page","link":"https:\/\/pozytywnegorozwoju.pl\/wachowiaka\/rekrutacja\/","title":{"rendered":""},"content":{"rendered":"<div class=\"vce-row-container\"><div class=\"vce-row vce-row--col-gap-30 vce-row-equal-height vce-row-content--top\" data-vce-full-width=\"true\" data-vce-stretch-content=\"true\" id=\"el-fb33b598\" data-vce-do-apply=\"all el-fb33b598\"><div class=\"vce-row-content\" data-vce-element-content=\"true\"><div class=\"vce-col vce-col--md-auto vce-col--xs-1 vce-col--xs-last vce-col--xs-first vce-col--sm-last vce-col--sm-first vce-col--md-first vce-col--lg-first vce-col--xl-first\" id=\"el-892562be\"><div class=\"vce-col-inner\" data-vce-do-apply=\"border margin background  el-892562be\"><div class=\"vce-col-content\" data-vce-element-content=\"true\" data-vce-do-apply=\"padding el-892562be\"><div><\/div><\/div><\/div><\/div><div class=\"vce-col vce-col--md-auto vce-col--xs-1 vce-col--xs-last vce-col--xs-first vce-col--sm-last vce-col--sm-first\" id=\"el-689a534a\"><div class=\"vce-col-inner\" data-vce-do-apply=\"border margin background  el-689a534a\"><div class=\"vce-col-content\" data-vce-element-content=\"true\" data-vce-do-apply=\"padding el-689a534a\"><div class=\"vce-text-block\"><div class=\"vce-text-block-wrapper vce\" id=\"el-74b3ed8e\" data-vce-do-apply=\"all el-74b3ed8e\"><h2 style=\"text-align: center;\">Nab\u00f3r<\/h2><\/div><\/div><\/div><\/div><\/div><div class=\"vce-col vce-col--md-auto vce-col--xs-1 vce-col--xs-last vce-col--xs-first vce-col--sm-last vce-col--sm-first vce-col--md-last vce-col--lg-last vce-col--xl-last\" id=\"el-28d6195e\"><div class=\"vce-col-inner\" data-vce-do-apply=\"border margin background  el-28d6195e\"><div class=\"vce-col-content\" data-vce-element-content=\"true\" data-vce-do-apply=\"padding el-28d6195e\"><div><\/div><\/div><\/div><\/div><\/div><\/div><\/div><div class=\"vce-row-container\"><div class=\"vce-row vce-row--col-gap-30 vce-row-equal-height vce-row-content--top\" data-vce-full-width=\"true\" data-vce-stretch-content=\"true\" id=\"el-ae9af828\" data-vce-do-apply=\"all el-ae9af828\"><div class=\"vce-row-content\" data-vce-element-content=\"true\"><div class=\"vce-col vce-col--md-3p vce-col--xs-1 vce-col--xs-last vce-col--xs-first vce-col--sm-last vce-col--sm-first vce-col--md-first vce-col--lg-first vce-col--xl-first\" id=\"el-ba802675\"><div class=\"vce-col-inner\" data-vce-do-apply=\"border margin background  el-ba802675\"><div class=\"vce-col-content\" data-vce-element-content=\"true\" data-vce-do-apply=\"padding el-ba802675\"><div><\/div><\/div><\/div><\/div><div class=\"vce-col vce-col--md-94p vce-col--xs-1 vce-col--xs-last vce-col--xs-first vce-col--sm-last vce-col--sm-first\" id=\"el-c835b503\"><div class=\"vce-col-inner\" data-vce-do-apply=\"border margin background  el-c835b503\"><div class=\"vce-col-content\" data-vce-element-content=\"true\" data-vce-do-apply=\"padding el-c835b503\"><div class=\"vce vce-separator-container vce-separator--align-center vce-separator--style-shadow\" id=\"el-7d9bfb9f\" data-vce-do-apply=\"margin el-7d9bfb9f\"><div class=\"vce-separator vce-separator--color-bfc0c1 vce-separator--width-100 vce-separator--thickness-6\" data-vce-do-apply=\"border padding background  el-7d9bfb9f\"><div class=\"vce-separator-shadow vce-separator-shadow-left\"><\/div><div class=\"vce-separator-shadow vce-separator-shadow-right\"><\/div><\/div><\/div><\/div><\/div><\/div><div class=\"vce-col vce-col--md-3p vce-col--xs-1 vce-col--xs-last vce-col--xs-first vce-col--sm-last vce-col--sm-first vce-col--md-last vce-col--lg-last vce-col--xl-last\" id=\"el-b51cec9a\"><div class=\"vce-col-inner\" data-vce-do-apply=\"border margin background  el-b51cec9a\"><div class=\"vce-col-content\" data-vce-element-content=\"true\" data-vce-do-apply=\"padding el-b51cec9a\"><div><\/div><\/div><\/div><\/div><\/div><\/div><\/div><div class=\"vce-row-container\"><div class=\"vce-row vce-row--col-gap-30 vce-row-equal-height vce-row-content--middle\" data-vce-full-width=\"true\" data-vce-stretch-content=\"true\" id=\"el-e837394c\" data-vce-do-apply=\"all el-e837394c\"><div class=\"vce-content-background-container\"><\/div><div class=\"vce-row-content\" data-vce-element-content=\"true\"><div class=\"vce-col vce-col--md-auto vce-col--xs-1 vce-col--xs-last vce-col--xs-first vce-col--sm-last vce-col--sm-first vce-col--md-first vce-col--lg-first vce-col--xl-first\" id=\"el-364df113\"><div class=\"vce-col-inner\" data-vce-do-apply=\"border margin background  el-364df113\"><div class=\"vce-col-content\" data-vce-element-content=\"true\" data-vce-do-apply=\"padding el-364df113\"><div class=\"vce-text-block\"><div class=\"vce-text-block-wrapper vce\" id=\"el-b8998150\" data-vce-do-apply=\"all el-b8998150\"><p style=\"text-align: center;\">Nab\u00f3r do \u017b\u0142obka Pozytywnego Rozwoju mieszcz\u0105cego si\u0119 w Poznaniu na ul. Wachowiaka 15 odbywa si\u0119 przez nabor.pcss.pl gdzie nale\u017cy wype\u0142ni\u0107 wniosek o przyj\u0119cie do plac\u00f3wki. Logowanie do systemu odbywa si\u0119 przez profil zaufany, e-dow\u00f3d lub mojeID.<\/p><\/div><\/div><div class=\"vce-text-block\"><div class=\"vce-text-block-wrapper vce\" id=\"el-d340dfe7\" data-vce-do-apply=\"all el-d340dfe7\"><p style=\"text-align: center;\"><span style=\"color: #ffffff;\">....<\/span>Wygenerowany wniosek nale\u017cy podpisa\u0107 i przynie\u015b\u0107 do plac\u00f3wki mieszcz\u0105cej si\u0119 na ul. Stanis\u0142awa Wachowiaka 15, 60 - 681 Pozna\u0144<\/p>\n<hr>\n<p style=\"text-align: center;\"><\/p><\/div><\/div><div class=\"vce-button--style-basic-container vce-button--style-basic-container--align-center\"><span class=\"vce-button--style-basic-wrapper vce\" id=\"el-513ab3a2\" data-vce-do-apply=\"margin el-513ab3a2\"><a class=\"vce-button vce-button--style-basic vce-button--style-basic--border-rounded vce-button--style-basic--size-medium vce-button--style-basic--color-b-11-76-143--b-255-255-255\" href=\"https:\/\/nabor.pcss.pl\/poznan\/zlobek\/start\" title=\"\" data-vce-do-apply=\"padding border background  el-513ab3a2\">Zaloguj si\u0119 przez W\u0119ze\u0142 Krajowy<\/a><\/span><\/div><\/div><\/div><\/div><div class=\"vce-col vce-col--md-auto vce-col--xs-1 vce-col--xs-last vce-col--xs-first vce-col--sm-last vce-col--sm-first vce-col--md-last vce-col--lg-last vce-col--xl-last\" id=\"el-862c1500\"><div class=\"vce-col-inner\" data-vce-do-apply=\"border margin background  el-862c1500\"><div class=\"vce-col-content\" data-vce-element-content=\"true\" data-vce-do-apply=\"padding el-862c1500\"><div class=\"vce-text-block\"><div class=\"vce-text-block-wrapper vce\" id=\"el-1d73f13d\" data-vce-do-apply=\"all el-1d73f13d\"><h2><a href=\"https:\/\/nabor.pcss.pl\/poznan\/zlobek\/start\"><img loading=\"lazy\" decoding=\"async\" src=\"https:\/\/pozytywnegorozwoju.pl\/wachowiaka\/wp-content\/uploads\/2022\/10\/pobrane-300x127.png\" alt=\"\" width=\"236\" height=\"100\" class=\"aligncenter wp-image-854\" srcset=\"https:\/\/pozytywnegorozwoju.pl\/wachowiaka\/wp-content\/uploads\/2022\/10\/pobrane-300x127.png 300w, https:\/\/pozytywnegorozwoju.pl\/wachowiaka\/wp-content\/uploads\/2022\/10\/pobrane-320x135.png 320w, https:\/\/pozytywnegorozwoju.pl\/wachowiaka\/wp-content\/uploads\/2022\/10\/pobrane.png 345w\" sizes=\"auto, (max-width: 236px) 100vw, 236px\" \/><\/a><\/h2><\/div><\/div><div class=\"vce-text-block\"><div class=\"vce-text-block-wrapper vce\" id=\"el-ab0fe43d\" data-vce-do-apply=\"all el-ab0fe43d\"><h2><a href=\"https:\/\/www.poznan.pl\/\"><img loading=\"lazy\" decoding=\"async\" src=\"https:\/\/pozytywnegorozwoju.pl\/wachowiaka\/wp-content\/uploads\/2022\/10\/LOGO_POZNAN_PL_RGB_bz-300x103.jpg\" alt=\"\" width=\"291\" height=\"100\" class=\"aligncenter wp-image-310\" srcset=\"https:\/\/pozytywnegorozwoju.pl\/wachowiaka\/wp-content\/uploads\/2022\/10\/LOGO_POZNAN_PL_RGB_bz-300x103.jpg 300w, https:\/\/pozytywnegorozwoju.pl\/wachowiaka\/wp-content\/uploads\/2022\/10\/LOGO_POZNAN_PL_RGB_bz-1024x352.jpg 1024w, https:\/\/pozytywnegorozwoju.pl\/wachowiaka\/wp-content\/uploads\/2022\/10\/LOGO_POZNAN_PL_RGB_bz-768x264.jpg 768w, https:\/\/pozytywnegorozwoju.pl\/wachowiaka\/wp-content\/uploads\/2022\/10\/LOGO_POZNAN_PL_RGB_bz-1536x528.jpg 1536w, https:\/\/pozytywnegorozwoju.pl\/wachowiaka\/wp-content\/uploads\/2022\/10\/LOGO_POZNAN_PL_RGB_bz-2048x704.jpg 2048w, https:\/\/pozytywnegorozwoju.pl\/wachowiaka\/wp-content\/uploads\/2022\/10\/LOGO_POZNAN_PL_RGB_bz-320x110.jpg 320w, https:\/\/pozytywnegorozwoju.pl\/wachowiaka\/wp-content\/uploads\/2022\/10\/LOGO_POZNAN_PL_RGB_bz-480x165.jpg 480w, https:\/\/pozytywnegorozwoju.pl\/wachowiaka\/wp-content\/uploads\/2022\/10\/LOGO_POZNAN_PL_RGB_bz-800x275.jpg 800w\" sizes=\"auto, (max-width: 291px) 100vw, 291px\" \/><\/a><\/h2><\/div><\/div><\/div><\/div><\/div><\/div><\/div><\/div><div class=\"vce-row-container\"><div class=\"vce-row vce-row--col-gap-30 vce-row-equal-height vce-row-content--middle\" data-vce-full-width=\"true\" data-vce-stretch-content=\"true\" id=\"el-6410589e\" data-vce-do-apply=\"all el-6410589e\"><div class=\"vce-content-background-container\"><\/div><div class=\"vce-row-content\" data-vce-element-content=\"true\"><div class=\"vce-col vce-col--md-auto vce-col--xs-1 vce-col--xs-last vce-col--xs-first vce-col--sm-last vce-col--sm-first vce-col--md-last vce-col--lg-last vce-col--xl-last vce-col--md-first vce-col--lg-first vce-col--xl-first\" id=\"el-026a6f75\"><div class=\"vce-col-inner\" data-vce-do-apply=\"border margin background  el-026a6f75\"><div class=\"vce-col-content\" data-vce-element-content=\"true\" data-vce-do-apply=\"padding el-026a6f75\"><div class=\"vce-text-block\"><div class=\"vce-text-block-wrapper vce\" id=\"el-42b19ee6\" data-vce-do-apply=\"all el-42b19ee6\"><p style=\"text-align: center;\">Nab\u00f3r do \u017b\u0142obka Pozytywnego Rozwoju mieszcz\u0105cego si\u0119 w Poznaniu na ul. Wachowiaka 15 odbywa si\u0119 przez nabor.pcss.pl gdzie nale\u017cy wype\u0142ni\u0107 wniosek o przyj\u0119cie do plac\u00f3wki. Logowanie do systemu odbywa si\u0119 przez profil zaufany, e-dow\u00f3d lub mojeID.<\/p><\/div><\/div><div class=\"vce-text-block\"><div class=\"vce-text-block-wrapper vce\" id=\"el-e7ec354b\" data-vce-do-apply=\"all el-e7ec354b\"><p style=\"text-align: center;\">Wygenerowany wniosek nale\u017cy podpisa\u0107 i przynie\u015b\u0107 do plac\u00f3wki mieszcz\u0105cej si\u0119 na ul. Stanis\u0142awa Wachowiaka 15, 60 - 681 Pozna\u0144<\/p>\n<hr><\/div><\/div><div class=\"vce-button--style-basic-container vce-button--style-basic-container--align-center\"><span class=\"vce-button--style-basic-wrapper vce\" id=\"el-22e44d8f\" data-vce-do-apply=\"margin el-22e44d8f\"><a class=\"vce-button vce-button--style-basic vce-button--style-basic--border-rounded vce-button--style-basic--size-medium vce-button--style-basic--color-b-11-76-143--b-255-255-255\" href=\"https:\/\/nabor.pcss.pl\/poznan\/zlobek\/start\" title=\"\" data-vce-do-apply=\"padding border background  el-22e44d8f\">Zaloguj si\u0119 przez W\u0119ze\u0142 Krajowy<\/a><\/span><\/div><div class=\"vce-text-block\"><div class=\"vce-text-block-wrapper vce\" id=\"el-f95ef280\" data-vce-do-apply=\"all el-f95ef280\"><h2><a href=\"https:\/\/nabor.pcss.pl\/poznan\/zlobek\/start\"><img loading=\"lazy\" decoding=\"async\" src=\"https:\/\/pozytywnegorozwoju.pl\/wachowiaka\/wp-content\/uploads\/2022\/10\/pobrane-300x127.png\" alt=\"\" width=\"236\" height=\"100\" class=\"aligncenter wp-image-854\" srcset=\"https:\/\/pozytywnegorozwoju.pl\/wachowiaka\/wp-content\/uploads\/2022\/10\/pobrane-300x127.png 300w, https:\/\/pozytywnegorozwoju.pl\/wachowiaka\/wp-content\/uploads\/2022\/10\/pobrane-320x135.png 320w, https:\/\/pozytywnegorozwoju.pl\/wachowiaka\/wp-content\/uploads\/2022\/10\/pobrane.png 345w\" sizes=\"auto, (max-width: 236px) 100vw, 236px\" \/><\/a><\/h2><\/div><\/div><div class=\"vce-text-block\"><div class=\"vce-text-block-wrapper vce\" id=\"el-3ef71961\" data-vce-do-apply=\"all el-3ef71961\"><h2><a href=\"https:\/\/www.poznan.pl\/\"><img loading=\"lazy\" decoding=\"async\" src=\"https:\/\/pozytywnegorozwoju.pl\/wachowiaka\/wp-content\/uploads\/2022\/10\/LOGO_POZNAN_PL_RGB_bz-300x103.jpg\" alt=\"\" width=\"291\" height=\"100\" class=\"aligncenter wp-image-310\" srcset=\"https:\/\/pozytywnegorozwoju.pl\/wachowiaka\/wp-content\/uploads\/2022\/10\/LOGO_POZNAN_PL_RGB_bz-300x103.jpg 300w, https:\/\/pozytywnegorozwoju.pl\/wachowiaka\/wp-content\/uploads\/2022\/10\/LOGO_POZNAN_PL_RGB_bz-1024x352.jpg 1024w, https:\/\/pozytywnegorozwoju.pl\/wachowiaka\/wp-content\/uploads\/2022\/10\/LOGO_POZNAN_PL_RGB_bz-768x264.jpg 768w, https:\/\/pozytywnegorozwoju.pl\/wachowiaka\/wp-content\/uploads\/2022\/10\/LOGO_POZNAN_PL_RGB_bz-1536x528.jpg 1536w, https:\/\/pozytywnegorozwoju.pl\/wachowiaka\/wp-content\/uploads\/2022\/10\/LOGO_POZNAN_PL_RGB_bz-2048x704.jpg 2048w, https:\/\/pozytywnegorozwoju.pl\/wachowiaka\/wp-content\/uploads\/2022\/10\/LOGO_POZNAN_PL_RGB_bz-320x110.jpg 320w, https:\/\/pozytywnegorozwoju.pl\/wachowiaka\/wp-content\/uploads\/2022\/10\/LOGO_POZNAN_PL_RGB_bz-480x165.jpg 480w, https:\/\/pozytywnegorozwoju.pl\/wachowiaka\/wp-content\/uploads\/2022\/10\/LOGO_POZNAN_PL_RGB_bz-800x275.jpg 800w\" sizes=\"auto, (max-width: 291px) 100vw, 291px\" \/><\/a><\/h2><\/div><\/div><\/div><\/div><\/div><\/div><\/div><\/div><div class=\"vce-row-container\"><div class=\"vce-row vce-row--has-col-background vce-row--col-gap-30 vce-row-equal-height vce-row-content--middle\" data-vce-full-width=\"true\" data-vce-stretch-content=\"true\" id=\"el-b1cf4b9e\" data-vce-do-apply=\"all el-b1cf4b9e\"><div class=\"vce-content-background-container\"><\/div><div class=\"vce-row-content\" data-vce-element-content=\"true\"><div class=\"vce-col vce-col--md-1p vce-col--xs-1 vce-col--xs-last vce-col--xs-first vce-col--sm-last vce-col--sm-first vce-col--md-last vce-col--lg-last vce-col--xl-last vce-col--md-first vce-col--lg-first vce-col--xl-first\" id=\"el-e0f6f932\"><div class=\"vce-col-inner\" data-vce-do-apply=\"border margin background  el-e0f6f932\"><div class=\"vce-col-content\" data-vce-element-content=\"true\" data-vce-do-apply=\"padding el-e0f6f932\"><div><\/div><\/div><\/div><\/div><div class=\"vce-col vce-element--has-background vce-col--md-100p vce-col--xs-1 vce-col--xs-last vce-col--xs-first vce-col--sm-last vce-col--sm-first vce-col--md-last vce-col--lg-last vce-col--xl-last vce-col--md-first vce-col--lg-first vce-col--xl-first\" id=\"el-661e2d58\"><div class=\"vce-col-inner\" data-vce-do-apply=\"border margin background  el-661e2d58\"><div class=\"vce-content-background-container\"><div class=\"vce-asset-background-simple-container vce-visible-all-only vce-asset-background-simple--style-cover vce-asset-background-simple--position-right-center\"><div class=\"vce-asset-background-simple\">\n              <div class=\"vce-asset-background-simple-item vcv-lozad\" data-background-image=\"https:\/\/pozytywnegorozwoju.pl\/wachowiaka\/wp-content\/uploads\/2022\/10\/zolta2.jpg\"><\/div>\n              <noscript>\n                <div class=\"vce-asset-background-simple-item\" style=\"background-image: url(https:\/\/pozytywnegorozwoju.pl\/wachowiaka\/wp-content\/uploads\/2022\/10\/zolta2.jpg)\"><\/div>\n              <\/noscript>\n            <\/div><\/div><div class=\"vce-asset-color-gradient-container vce-visible-all-only\" data-vce-do-apply=\"gradient el-661e2d58\"><\/div><\/div><div class=\"vce-col-content\" data-vce-element-content=\"true\" data-vce-do-apply=\"padding el-661e2d58\"><div class=\"vce-text-block\"><div class=\"vce-text-block-wrapper vce\" id=\"el-29786bab\" data-vce-do-apply=\"all el-29786bab\"><div class=\"vce-hero-section--content-container\">\n<h1 style=\"text-align: center;\"><span style=\"color: #ffffff;\">Oferta Edukacyjna&nbsp;<\/span><\/h1>\n<p style=\"text-align: center;\"><strong><span style=\"color: #ffffff;\">Kszta\u0142tujemy edukacj\u0119 w taki spos\u00f3b, aby by\u0142a nastawiona na potrzeby<\/span><\/strong><\/p>\n<p style=\"text-align: center;\"><strong><span style=\"color: #ffffff;\"> wsp\u00f3\u0142czesno\u015bci i przysz\u0142o\u015bci.<\/span><\/strong><\/p>\n<\/div><\/div><\/div><div class=\"vce-button--style-basic-container vce-button--style-basic-container--align-center\"><span class=\"vce-button--style-basic-wrapper vce\" id=\"el-111ff853\" data-vce-do-apply=\"margin el-111ff853\"><a class=\"vce-button vce-button--style-basic vce-button--style-basic--border-round vce-button--style-basic--size-small vce-button--style-basic--color-b-255-180-0--b-33-33-33\" href=\"https:\/\/pozytywnegorozwoju.pl\/wachowiaka\/zlobek\/\" title=\"\" data-vce-do-apply=\"padding border background  el-111ff853\">Oferta<\/a><\/span><\/div><\/div><\/div><\/div><div class=\"vce-col vce-col--md-1p vce-col--xs-1 vce-col--xs-last vce-col--xs-first vce-col--sm-last vce-col--sm-first vce-col--md-last vce-col--lg-last vce-col--xl-last vce-col--md-first vce-col--lg-first vce-col--xl-first\" id=\"el-edd070c1\"><div class=\"vce-col-inner\" data-vce-do-apply=\"border margin background  el-edd070c1\"><div class=\"vce-col-content\" data-vce-element-content=\"true\" data-vce-do-apply=\"padding el-edd070c1\"><div><\/div><\/div><\/div><\/div><\/div><\/div><\/div><div class=\"vce-row-container\"><div class=\"vce-row vce-row--col-gap-30 vce-row-equal-height vce-row-content--middle\" data-vce-full-width=\"true\" data-vce-stretch-content=\"true\" id=\"el-ef55b4cc\" data-vce-do-apply=\"all el-ef55b4cc\"><div class=\"vce-row-content\" data-vce-element-content=\"true\"><div class=\"vce-col vce-col--md-auto vce-col--xs-1 vce-col--xs-last vce-col--xs-first vce-col--sm-last vce-col--sm-first vce-col--md-first vce-col--lg-first vce-col--xl-first\" id=\"el-e4e561ea\"><div class=\"vce-col-inner\" data-vce-do-apply=\"border margin background  el-e4e561ea\"><div class=\"vce-col-content\" data-vce-element-content=\"true\" data-vce-do-apply=\"padding el-e4e561ea\"><div><\/div><\/div><\/div><\/div><div class=\"vce-col vce-col--md-auto vce-col--xs-1 vce-col--xs-last vce-col--xs-first vce-col--sm-last vce-col--sm-first\" id=\"el-9b7ceebf\"><div class=\"vce-col-inner\" data-vce-do-apply=\"border margin background  el-9b7ceebf\"><div class=\"vce-col-content\" data-vce-element-content=\"true\" data-vce-do-apply=\"padding el-9b7ceebf\"><div><\/div><\/div><\/div><\/div><div class=\"vce-col vce-col--md-auto vce-col--xs-1 vce-col--xs-last vce-col--xs-first vce-col--sm-last vce-col--sm-first\" id=\"el-28d2f5e8\"><div class=\"vce-col-inner\" data-vce-do-apply=\"border margin background  el-28d2f5e8\"><div class=\"vce-col-content\" data-vce-element-content=\"true\" data-vce-do-apply=\"padding el-28d2f5e8\"><div><\/div><\/div><\/div><\/div><div class=\"vce-col vce-col--md-auto vce-col--xs-1 vce-col--xs-last vce-col--xs-first vce-col--sm-last vce-col--sm-first vce-col--md-last vce-col--lg-last vce-col--xl-last\" id=\"el-8da783d5\"><div class=\"vce-col-inner\" data-vce-do-apply=\"border margin background  el-8da783d5\"><div class=\"vce-col-content\" data-vce-element-content=\"true\" data-vce-do-apply=\"padding el-8da783d5\"><div><\/div><\/div><\/div><\/div><\/div><\/div><\/div>","protected":false},"excerpt":{"rendered":"<p>Nab\u00f3rNab\u00f3r do \u017b\u0142obka Pozytywnego Rozwoju mieszcz\u0105cego si\u0119 w Poznaniu na ul. Wachowiaka 15 odbywa si\u0119 przez nabor.pcss.pl gdzie nale\u017cy wype\u0142ni\u0107 wniosek o przyj\u0119cie do plac\u00f3wki. Logowanie do systemu odbywa si\u0119 przez profil zaufany, e-dow\u00f3d lub mojeID&#8230;..Wygenerowany wniosek nale\u017cy podpisa\u0107 i przynie\u015b\u0107 do plac\u00f3wki mieszcz\u0105cej si\u0119 na ul. Stanis\u0142awa Wachowiaka 15, [&hellip;]<\/p>\n","protected":false},"author":1,"featured_media":0,"parent":0,"menu_order":0,"comment_status":"closed","ping_status":"closed","template":"","meta":{"_themeisle_gutenberg_block_has_review":false,"footnotes":""},"class_list":["post-148","page","type-page","status-publish","hentry"],"_links":{"self":[{"href":"https:\/\/pozytywnegorozwoju.pl\/wachowiaka\/wp-json\/wp\/v2\/pages\/148","targetHints":{"allow":["GET"]}}],"collection":[{"href":"https:\/\/pozytywnegorozwoju.pl\/wachowiaka\/wp-json\/wp\/v2\/pages"}],"about":[{"href":"https:\/\/pozytywnegorozwoju.pl\/wachowiaka\/wp-json\/wp\/v2\/types\/page"}],"author":[{"embeddable":true,"href":"https:\/\/pozytywnegorozwoju.pl\/wachowiaka\/wp-json\/wp\/v2\/users\/1"}],"replies":[{"embeddable":true,"href":"https:\/\/pozytywnegorozwoju.pl\/wachowiaka\/wp-json\/wp\/v2\/comments?post=148"}],"version-history":[{"count":56,"href":"https:\/\/pozytywnegorozwoju.pl\/wachowiaka\/wp-json\/wp\/v2\/pages\/148\/revisions"}],"predecessor-version":[{"id":2722,"href":"https:\/\/pozytywnegorozwoju.pl\/wachowiaka\/wp-json\/wp\/v2\/pages\/148\/revisions\/2722"}],"wp:attachment":[{"href":"https:\/\/pozytywnegorozwoju.pl\/wachowiaka\/wp-json\/wp\/v2\/media?parent=148"}],"curies":[{"name":"wp","href":"https:\/\/api.w.org\/{rel}","templated":true}]}}