{"id":63,"date":"2022-11-27T18:39:27","date_gmt":"2022-11-27T17:39:27","guid":{"rendered":"https:\/\/pozytywnegorozwoju.pl\/nowy\/?page_id=63"},"modified":"2023-03-03T09:26:24","modified_gmt":"2023-03-03T08:26:24","slug":"plan-dnia-2","status":"publish","type":"page","link":"https:\/\/pozytywnegorozwoju.pl\/nowy\/plan-dnia-2\/","title":{"rendered":""},"content":{"rendered":"<div class=\"vce-row-container\"><div class=\"vce-row vce-row--col-gap-30 vce-row-equal-height vce-row-content--top\" data-vce-full-width=\"true\" data-vce-stretch-content=\"true\" id=\"el-d1e0177d\" data-vce-do-apply=\"all el-d1e0177d\"><div class=\"vce-row-content\" data-vce-element-content=\"true\"><div class=\"vce-col vce-col--md-auto vce-col--xs-1 vce-col--xs-last vce-col--xs-first vce-col--sm-last vce-col--sm-first vce-col--md-last vce-col--lg-last vce-col--xl-last vce-col--md-first vce-col--lg-first vce-col--xl-first\" id=\"el-8c35b64d\"><div class=\"vce-col-inner\" data-vce-do-apply=\"border margin background  el-8c35b64d\"><div class=\"vce-col-content\" data-vce-element-content=\"true\" data-vce-do-apply=\"padding el-8c35b64d\"><div class=\"vce-text-block\"><div class=\"vce-text-block-wrapper vce\" id=\"el-7fb290fd\" data-vce-do-apply=\"all el-7fb290fd\"><h4 style=\"text-align: center;\"><strong>Ramowy rozk\u0142ad dnia przedszkole<\/strong><\/h4>\n<hr>\n<h3 style=\"text-align: center;\"><\/h3><\/div><\/div><\/div><\/div><\/div><\/div><\/div><\/div><div class=\"vce-row-container\"><div class=\"vce-row vce-row--col-gap-30 vce-row-equal-height vce-row-content--top\" data-vce-full-width=\"true\" data-vce-stretch-content=\"true\" id=\"el-bd19b35c\" data-vce-do-apply=\"all el-bd19b35c\"><div class=\"vce-row-content\" data-vce-element-content=\"true\"><div class=\"vce-col vce-col--md-20p vce-col--xs-1 vce-col--xs-last vce-col--xs-first vce-col--sm-last vce-col--sm-first vce-col--md-first vce-col--lg-first vce-col--xl-first\" id=\"el-888c7a36\"><div class=\"vce-col-inner\" data-vce-do-apply=\"border margin background  el-888c7a36\"><div class=\"vce-col-content\" data-vce-element-content=\"true\" data-vce-do-apply=\"padding el-888c7a36\"><div><\/div><\/div><\/div><\/div><div class=\"vce-col vce-col--md-60p vce-col--xs-1 vce-col--xs-last vce-col--xs-first vce-col--sm-last vce-col--sm-first\" id=\"el-7b037981\"><div class=\"vce-col-inner\" data-vce-do-apply=\"border margin background  el-7b037981\"><div class=\"vce-col-content\" data-vce-element-content=\"true\" data-vce-do-apply=\"padding el-7b037981\"><div class=\"vce-text-block\"><div class=\"vce-text-block-wrapper vce\" id=\"el-275eea1a\" data-vce-do-apply=\"all el-275eea1a\"><p style=\"text-align: center;\"><strong><span style=\"font-size: 16pt;\">6:30 \u2010 8:30 <\/span><\/strong><\/p>\n<p style=\"text-align: center;\"><span style=\"font-size: 16pt;\">Schodzenie si\u0119 dzieci, gry, zabawy i zaj\u0119cia dowolne. Obserwacja dzieci podczas zabaw swobodnych w k\u0105cikach zainteresowa\u0144 lub zabawy przy niewielkim udziale nauczyciela: konstrukcyjne, manipulacyjne, tematyczne, plastyczne, rozwijaj\u0105ce spostrzegawczo\u015b\u0107, koordynacj\u0119 wzrokowo- ruchow\u0105, rozwijaj\u0105ce kompetencje spo\u0142eczno- emocjonalne. Dzia\u0142ania wspomagaj\u0105ce rozw\u00f3j dziecka \u2013 indywidualne wspieranie i korygowanie rozwoju, praca z dzieckiem zdolnym.<\/span><\/p>\n<hr>\n<p><\/p>\n<p style=\"text-align: center;\"><strong><span style=\"font-size: 16pt;\">8:30 \u2010 8:45 <\/span><\/strong><\/p>\n<p style=\"text-align: center;\"><span style=\"font-size: 16pt;\">Zestaw porannych zabaw ruchowych<\/span><\/p>\n<hr>\n<p><\/p>\n<p style=\"text-align: center;\"><strong><span style=\"font-size: 16pt;\">8:45 - 9:15 <\/span><\/strong><\/p>\n<p style=\"text-align: center;\"><span style=\"font-size: 16pt;\">Czynno\u015bci porz\u0105dkowe, samoobs\u0142ugowe i higieniczne \u2013 przygotowanie do \u015bniadania. \u015aniadanie.<\/span><\/p>\n<hr>\n<p><\/p>\n<p style=\"text-align: center;\"><strong><span style=\"font-size: 16pt;\">9:15 - 11:30 <\/span><\/strong><\/p>\n<p style=\"text-align: center;\"><span style=\"font-size: 16pt;\">Zaj\u0119cia edukacyjne, zabawy rytmiczno-taneczne, zabawy edukacyjno-rozwojowe, gimnastyka og\u00f3lnorozwojowa z przyborami ,spacer w ramach zaj\u0119\u0107 edukacyjnych, zaj\u0119cia artystyczne, warsztaty kulinarne zaj\u0119cia matematyczne, zaj\u0119cia dodatkowe: rytmika, j\u0119zyk angielski, zabawy swobodna, realizacja podstawy programowej.<\/span><\/p>\n<hr>\n<p style=\"text-align: center;\"><\/p>\n<p style=\"text-align: center;\"><strong><span style=\"font-size: 16pt;\">11:30 \u2013 11:45 <\/span><\/strong><\/p>\n<p style=\"text-align: center;\"><span style=\"font-size: 16pt;\">Czynno\u015bci porz\u0105dkowe, samoobs\u0142ugowe i higieniczne \u2013 przygotowanie do obiadu. I danie<\/span><\/p>\n<hr>\n<p style=\"text-align: center;\"><\/p>\n<p style=\"text-align: center;\"><strong><span style=\"font-size: 16pt;\">11:45-13:30 <\/span><\/strong><\/p>\n<p style=\"text-align: center;\"><span style=\"font-size: 16pt;\">Zaj\u0119cia dydaktyczne realizowane zgodnie z za\u0142o\u017ceniami podstawy programowej oraz przyj\u0119tego programu wychowania przedszkolnego: zaj\u0119cia matematyczne, przyrodnicze, muzyczne, polonistyczne, plastyczne, ruchowe, j\u0119zykowe.<\/span><\/p>\n<p style=\"text-align: center;\"><span style=\"font-size: 16pt;\">R\u00f3\u017cne formy relaksu: s\u0142uchanie muzyki relaksacyjnej, muzyki klasycznej, s\u0142uchowisko, bajkowisko, literatura czytana przez nauczyciela (w tym bajkoterapia), medytacja. Realizacja wybranych projekt\u00f3w zewn\u0119trznych. Sensoplastyka, do\u015bwiadczenia i eksperymenty, zabawy badawcze, warsztaty kulinarne, joga, lego education.<\/span><\/p>\n<hr>\n<p style=\"text-align: center;\"><\/p>\n<p style=\"text-align: center;\"><strong><span style=\"font-size: 16pt;\">13:30 -14:00 <\/span><\/strong><\/p>\n<p style=\"text-align: center;\"><span style=\"font-size: 16pt;\">Czynno\u015bci porz\u0105dkowe, samoobs\u0142ugowe i higieniczne \u2013 przygotowanie do obiadu. Obiad\/Podwieczorek. Samoobs\u0142uga, wdra\u017canie do kulturalnego spo\u017cywania posi\u0142k\u00f3w, pr\u00f3bowania nowych potraw, nauka pos\u0142ugiwania si\u0119 sztu\u0107cami, serwetk\u0105, podstawa programowa.<\/span><\/p>\n<hr>\n<p style=\"text-align: center;\"><\/p>\n<p style=\"text-align: center;\"><strong><span style=\"font-size: 16pt;\">14:00 \u2013 15:30 <\/span><\/strong><\/p>\n<p style=\"text-align: center;\"><span style=\"font-size: 16pt;\">Tworzenie sytuacji edukacyjnych rozwijaj\u0105cych indywidualne cechy dziecka: zdolno\u015bci <\/span><br><span style=\"font-size: 16pt;\">i zainteresowania. Dzia\u0142ania wspomagaj\u0105ce rozw\u00f3j dziecka \u2013 indywidualne wspieranie i korygowanie rozwoju, praca z dzieckiem zdolnym. Gry i zabawy ruchowe, gry planszowe.<\/span><\/p>\n<hr>\n<p style=\"text-align: center;\"><\/p>\n<p style=\"text-align: center;\"><strong><span style=\"font-size: 16pt;\">15:30 \u2013 16:30<\/span><\/strong><\/p>\n<p style=\"text-align: center;\"><span style=\"font-size: 16pt;\"> Obserwacja dzieci podczas zabaw swobodnych w k\u0105cikach zainteresowa\u0144 lub zabawy przy niewielkim udziale nauczyciela: konstrukcyjne, manipulacyjne, tematyczne, plastyczne, rozwijaj\u0105ce spostrzegawczo\u015b\u0107, koordynacj\u0119 wzrokowo- ruchow\u0105, rozwijaj\u0105ce kompetencje spo\u0142eczno-emocjonalne. Zabawy na \u015bwie\u017cym powietrzu w ogrodzie przedszkolnym.<\/span><\/p>\n<hr>\n<p style=\"text-align: center;\"><span style=\"font-size: 16pt;\"><strong><em>Godziny poszczeg\u00f3lnych aktywno\u015bci mog\u0105 si\u0119 nieznacznie r\u00f3\u017cni\u0107 w zale\u017cno\u015bci od grupy i potrzeb dzieci.<\/em><\/strong><\/span><\/p><\/div><\/div><\/div><\/div><\/div><div class=\"vce-col vce-col--md-20p vce-col--xs-1 vce-col--xs-last vce-col--xs-first vce-col--sm-last vce-col--sm-first vce-col--md-last vce-col--lg-last vce-col--xl-last\" id=\"el-f33d90ef\"><div class=\"vce-col-inner\" data-vce-do-apply=\"border margin background  el-f33d90ef\"><div class=\"vce-col-content\" data-vce-element-content=\"true\" data-vce-do-apply=\"padding el-f33d90ef\"><div><\/div><\/div><\/div><\/div><\/div><\/div><\/div><div class=\"vce-row-container\"><div class=\"vce-row vce-row--col-gap-30 vce-row-equal-height vce-row-content--top\" data-vce-full-width=\"true\" data-vce-stretch-content=\"true\" id=\"el-d00bf669\" data-vce-do-apply=\"all el-d00bf669\"><div class=\"vce-row-content\" data-vce-element-content=\"true\"><div class=\"vce-col vce-col--md-auto vce-col--xs-1 vce-col--xs-last vce-col--xs-first vce-col--sm-last vce-col--sm-first vce-col--md-last vce-col--lg-last vce-col--xl-last vce-col--md-first vce-col--lg-first vce-col--xl-first\" id=\"el-f83d2d36\"><div class=\"vce-col-inner\" data-vce-do-apply=\"border margin background  el-f83d2d36\"><div class=\"vce-col-content\" data-vce-element-content=\"true\" data-vce-do-apply=\"padding el-f83d2d36\"><div class=\"vce vce-separator-container vce-separator--align-center vce-separator--style-shadow\" id=\"el-ef6b1def\" data-vce-do-apply=\"margin el-ef6b1def\"><div class=\"vce-separator vce-separator--color-bfc0c1 vce-separator--width-100 vce-separator--thickness-6\" data-vce-do-apply=\"border padding background  el-ef6b1def\"><div class=\"vce-separator-shadow vce-separator-shadow-left\"><\/div><div class=\"vce-separator-shadow vce-separator-shadow-right\"><\/div><\/div><\/div><\/div><\/div><\/div><\/div><\/div><\/div><div class=\"vce-row-container\"><div class=\"vce-row vce-row--col-gap-30 vce-row-equal-height vce-row-content--middle\" data-vce-full-width=\"true\" data-vce-stretch-content=\"true\" id=\"el-c33042b5\" data-vce-do-apply=\"all el-c33042b5\"><div class=\"vce-row-content\" data-vce-element-content=\"true\"><div class=\"vce-col vce-col--md-auto vce-col--xs-1 vce-col--xs-last vce-col--xs-first vce-col--sm-last vce-col--sm-first vce-col--md-last vce-col--lg-last vce-col--xl-last vce-col--md-first vce-col--lg-first vce-col--xl-first\" id=\"el-8d1d2ebe\"><div class=\"vce-col-inner\" data-vce-do-apply=\"border margin background  el-8d1d2ebe\"><div class=\"vce-col-content\" data-vce-element-content=\"true\" data-vce-do-apply=\"padding el-8d1d2ebe\"><div class=\"vce-text-block\"><div class=\"vce-text-block-wrapper vce\" id=\"el-e0c187f1\" data-vce-do-apply=\"all el-e0c187f1\"><h4 style=\"text-align: center;\">Ramowy rozk\u0142ad dnia przedszkole&nbsp;<\/h4><\/div><\/div><div class=\"vce-button--style-basic-container vce-button--style-basic-container--align-center\"><span class=\"vce-button--style-basic-wrapper vce\" id=\"el-f311b3c5\" data-vce-do-apply=\"margin el-f311b3c5\"><a class=\"vce-button vce-button--style-basic vce-button--style-basic--border-round vce-button--style-basic--size-small vce-button--style-basic--color-b-85-85-85--b-255-255-255 vce-button--style-basic--hover-color-b-225-22-18--b-255-255-255\" href=\"https:\/\/pozytywnegorozwoju.pl\/nowy\/wp-content\/uploads\/2022\/12\/Rozklad-dnia-Przedszkole..pdf\" title=\"\" target=\"_blank\" data-vce-do-apply=\"padding border background  el-f311b3c5\" rel=\"noopener\">Pobierz<\/a><\/span><\/div><\/div><\/div><\/div><\/div><\/div><\/div>","protected":false},"excerpt":{"rendered":"<p>Ramowy rozk\u0142ad dnia przedszkole 6:30 \u2010 8:30 Schodzenie si\u0119 dzieci, gry, zabawy i zaj\u0119cia dowolne. Obserwacja dzieci podczas zabaw swobodnych w k\u0105cikach zainteresowa\u0144 lub zabawy przy niewielkim udziale nauczyciela: konstrukcyjne, manipulacyjne, tematyczne, plastyczne, rozwijaj\u0105ce spostrzegawczo\u015b\u0107, koordynacj\u0119 wzrokowo- ruchow\u0105, rozwijaj\u0105ce kompetencje spo\u0142eczno- emocjonalne. Dzia\u0142ania wspomagaj\u0105ce rozw\u00f3j dziecka \u2013 indywidualne wspieranie i [&hellip;]<\/p>\n","protected":false},"author":1,"featured_media":0,"parent":0,"menu_order":0,"comment_status":"closed","ping_status":"closed","template":"","meta":{"_themeisle_gutenberg_block_has_review":false,"footnotes":""},"class_list":["post-63","page","type-page","status-publish","hentry"],"_links":{"self":[{"href":"https:\/\/pozytywnegorozwoju.pl\/nowy\/wp-json\/wp\/v2\/pages\/63","targetHints":{"allow":["GET"]}}],"collection":[{"href":"https:\/\/pozytywnegorozwoju.pl\/nowy\/wp-json\/wp\/v2\/pages"}],"about":[{"href":"https:\/\/pozytywnegorozwoju.pl\/nowy\/wp-json\/wp\/v2\/types\/page"}],"author":[{"embeddable":true,"href":"https:\/\/pozytywnegorozwoju.pl\/nowy\/wp-json\/wp\/v2\/users\/1"}],"replies":[{"embeddable":true,"href":"https:\/\/pozytywnegorozwoju.pl\/nowy\/wp-json\/wp\/v2\/comments?post=63"}],"version-history":[{"count":40,"href":"https:\/\/pozytywnegorozwoju.pl\/nowy\/wp-json\/wp\/v2\/pages\/63\/revisions"}],"predecessor-version":[{"id":1200,"href":"https:\/\/pozytywnegorozwoju.pl\/nowy\/wp-json\/wp\/v2\/pages\/63\/revisions\/1200"}],"wp:attachment":[{"href":"https:\/\/pozytywnegorozwoju.pl\/nowy\/wp-json\/wp\/v2\/media?parent=63"}],"curies":[{"name":"wp","href":"https:\/\/api.w.org\/{rel}","templated":true}]}}